{"id":2162,"date":"2024-01-17T09:52:22","date_gmt":"2024-01-17T14:52:22","guid":{"rendered":"https:\/\/educacioncontinua.uniremington.edu.co\/?product=innovacion-y-creatividad"},"modified":"2024-01-30T14:58:38","modified_gmt":"2024-01-30T19:58:38","slug":"innovacion-y-creatividad","status":"publish","type":"product","link":"https:\/\/educacioncontinua.uniremington.edu.co\/?product=innovacion-y-creatividad","title":{"rendered":"Innovaci\u00f3n y Creatividad"},"content":{"rendered":"<\/p>\n<table style=\"width:100%;\" border=\"1\">\n<thead>\n<tr style=\"color:rgb(255,255,255);\">\n<th style=\"background-color:rgb(0,68,123);\">Descripci\u00f3n<\/th>\n<\/tr>\n<\/thead>\n<tbody>\n<tr>\n<td>Con este curso de innovaci\u00f3n y creatividad, el participante podr\u00e1 dominar toda la terminolog\u00eda asociada a la innovaci\u00f3n, sus caracter\u00edsticas y su tipolog\u00eda, as\u00ed como, distinguir entre cambio e innovaci\u00f3n, identificando las pautas seguidas por Steve Jobs en t\u00e9rminos de creatividad y sus caracter\u00edsticas. <\/td>\n<\/tr>\n<\/tbody>\n<\/table>\n<p><\/p>\n<table style=\"width:100%;\" border=\"1\">\n<thead>\n<tr style=\"color:rgb(255,255,255);\">\n<th style=\"background-color:rgb(0,68,123);\">Principales caracter\u00edsticas<\/th>\n<\/tr>\n<\/thead>\n<tbody>\n<tr>\n<td>Clima estimulador de creatividad, beneficios de la creatividad, identificaci\u00f3n de diferentes t\u00e9cnicas de estimulaci\u00f3n de la creatividad, teor\u00edas del origen de la innovaci\u00f3n y la creatividad y sus precursores y factores influyentes de cada una de las teor\u00edas.<\/td>\n<\/tr>\n<\/tbody>\n<\/table>\n<p><\/p>\n<table style=\"width:100%;\" border=\"1\">\n<thead>\n<tr style=\"color:rgb(255,255,255);\">\n<th style=\"background-color:rgb(0,68,123);\">P\u00fablico objetivo<\/th>\n<\/tr>\n<\/thead>\n<tbody>\n<tr>\n<td>P\u00fablico interesado en conocer cada una de las caracter\u00edsticas de las t\u00e9cnicas de estimulaci\u00f3n. Conocer los tipos de creatividad y sus roles principales, adem\u00e1s de los diferentes estilos que \u00e9stos aportan. Saber llevar a cabo las t\u00e9cnicas de creatividad y cu\u00e1ndo utilizar cada una en relaci\u00f3n a tus necesidades.<\/td>\n<\/tr>\n<\/tbody>\n<\/table>\n<p><\/p>\n<table style=\"width:100%;\" border=\"1\">\n<thead>\n<tr style=\"color:rgb(255,255,255);\">\n<td style=\"background-color:rgb(0,68,123);\"><span style=\"font-weight:bold;\">Tem\u00e1tica 1<\/span><\/td>\n<\/tr>\n<tr>\n<td><span style=\"font-weight:normal;\"><br \/>\n                    <\/span><\/p>\n<p>1. LA INNOVACI\u00d3N<br \/>\n1.1. Introducci\u00f3n. Significado del concepto de innovaci\u00f3n.<br \/>\n      1.1.1. Tipos de innovaci\u00f3n.<br \/>\n1.2. Caracter\u00edsticas de la innovaci\u00f3n.<br \/>\n1.3. Distinci\u00f3n entre cambio e innovaci\u00f3n.<br \/>\n1.4. Innovar para sobrevivir en el mercado.<br \/>\n1.5. Steve Jobs y los siete principios inspiradores de la innovaci\u00f3n.\n                    <\/p>\n<\/td>\n<\/tr>\n<\/thead>\n<tbody>\n<tr style=\"color:rgb(255,255,255);\">\n<td style=\"background-color:rgb(0,68,123);\"><span style=\"font-weight:bold;\">Tem\u00e1tica 2<\/span><\/td>\n<\/tr>\n<tr>\n<td>\n<p>2. LA CREATIVIDAD EN LAS ORGANIZACIONES<br \/>\n2.1. Introducci\u00f3n. El concepto de creatividad.<br \/>\n      2.1.1. Caracter\u00edsticas y rasgos de las personas creativas.<br \/>\n      2.1.2. El proceso de creatividad.<br \/>\n      2.1.3. El proceso de creatividad que culmina en innovaci\u00f3n.<br \/>\n2.2. La creatividad en las organizaciones.<br \/>\n      2.2.1. Caracter\u00edsticas de las organizaciones creativas.<br \/>\n      2.2.2. \u00bfC\u00f3mo generar un clima que estimule la creatividad en las organizaciones?<br \/>\n2.3. Beneficios de la creatividad en las organizaciones.<\/p>\n<\/td>\n<\/tr>\n<tr style=\"color:rgb(255,255,255);\">\n<td style=\"background-color:rgb(0,68,123);\"><span style=\"font-weight:bold;\">Tem\u00e1tica 3<\/span><\/td>\n<\/tr>\n<tr>\n<td>\n<p>3. ESTRATEGIAS Y T\u00c9CNICAS PARA ESTIMULAR EL PENSAMIENTO CREATIVO EN LAS ORGANIZACIONES<br \/>\n3.1. Introducci\u00f3n. Estrategias para estimular la creatividad.<br \/>\n3.2. T\u00e9cnicas para estimular la creatividad y generar ideas.<br \/>\n       3.2.1. Brainstorming.<br \/>\n       3.2.2. Mapa mental.<br \/>\n       3.2.3. Brainwriting.<br \/>\n       3.2.4. M\u00e9todo SCAMPER.<br \/>\n       3.2.5 Evaluaci\u00f3n PNI.<br \/>\n       3.2.6. 6 sombreros para pensar.<br \/>\n       3.2.7. Analog\u00eda.<br \/>\n       3.2.8. Future Pretend Year.<br \/>\n3.3. Otras t\u00e9cnicas para estimular la creatividad.<br \/>\n       3.3.1. Sin\u00e9ctica.<br \/>\n       3.3.2. Pensamiento lateral (lateral thinking).<br \/>\n       3.3.3. Ideart.<br \/>\n3.4. El arte de preguntar.<br \/>\n3.5. Palabras al azar o \u201crelaciones forzadas\u201d<\/p>\n<\/td>\n<\/tr>\n<tr style=\"color:rgb(255,255,255);\">\n<td style=\"background-color:rgb(0,68,123);\"><span style=\"font-weight:bold;\">Tem\u00e1tica 4<\/span><\/td>\n<\/tr>\n<tr>\n<td>\n<p>4. POTENCIAR LA CREATIVIDAD Y SUPERAR BARRERAS.<br \/>\n4.1. Introducci\u00f3n. Teor\u00edas acerca del origen de la creatividad.<br \/>\n       4.1.1. Maslow: creatividad primaria y secundaria.<br \/>\n       4.1.2. Los tipos de creatividad Jeff De Graff.<br \/>\n       4.1.3. Mih\u00e1li Cs\u00edkszentmih\u00e1lyi y su teor\u00eda del Flow.<br \/>\n       4.1.4. Edward Taylor.<br \/>\n       4.1.5. Joy P. Guilford.<br \/>\n4.2. Tipos de creatividad.<br \/>\n        4.2.1. Estilos de creatividad.<br \/>\n        4.2.2. Roles presentes en el proceso creativo.<br \/>\n        4.2.3. Afrontar y superar las barreras de la creatividad.\n                <\/p>\n<\/td>\n<\/tr>\n<\/tbody>\n<\/table>\n<p><\/p>\n<table border=\"1\">\n<thead>\n<tr>\n<th style=\"text-align:center;background-color:rgb(0,68,123);color:rgb(255,255,255);\">Duraci\u00f3n<\/th>\n<th style=\"text-align:center;background-color:rgb(0,68,123);color:rgb(255,255,255);\">V\u00eddeos<\/th>\n<\/tr>\n<tr>\n<th style=\"text-align:center;\"><span style=\"font-weight:normal;\">50 horas<\/span><\/th>\n<th style=\"text-align:center;\"><span style=\"font-weight:normal;\">22<\/span><\/th>\n<\/tr>\n<tr>\n<th style=\"text-align:center;background-color:rgb(0,68,123);color:rgb(255,255,255);\">Nivel<\/th>\n<th style=\"text-align:center;background-color:rgb(0,68,123);color:rgb(255,255,255);\">Inversi\u00f3n<\/th>\n<\/tr>\n<\/thead>\n<tbody>\n<tr>\n<td style=\"text-align:center;\"><span>Intermedio<\/span><\/td>\n<td style=\"text-align:center;\"><span>$510.000<\/span><\/td>\n<\/tr>\n<\/tbody>\n<\/table>\n","protected":false},"excerpt":{"rendered":"<p>Descripci\u00f3n Con este curso de innovaci\u00f3n y creatividad, el participante podr\u00e1 dominar toda la terminolog\u00eda asociada a la innovaci\u00f3n, sus caracter\u00edsticas y su tipolog\u00eda, as\u00ed como, distinguir entre cambio e innovaci\u00f3n, identificando las pautas seguidas por Steve Jobs en t\u00e9rminos de creatividad y sus caracter\u00edsticas. Principales caracter\u00edsticas Clima estimulador de creatividad, beneficios de la creatividad, [&hellip;]<\/p>\n","protected":false},"featured_media":2196,"comment_status":"open","ping_status":"closed","template":"","meta":[],"product_brand":[],"product_cat":[65],"product_tag":[],"class_list":{"0":"post-2162","1":"product","2":"type-product","3":"status-publish","4":"has-post-thumbnail","6":"product_cat-cienciasempresariales","8":"first","9":"instock","10":"downloadable","11":"virtual","12":"purchasable","13":"product-type-simple"},"_links":{"self":[{"href":"https:\/\/educacioncontinua.uniremington.edu.co\/index.php?rest_route=\/wp\/v2\/product\/2162","targetHints":{"allow":["GET"]}}],"collection":[{"href":"https:\/\/educacioncontinua.uniremington.edu.co\/index.php?rest_route=\/wp\/v2\/product"}],"about":[{"href":"https:\/\/educacioncontinua.uniremington.edu.co\/index.php?rest_route=\/wp\/v2\/types\/product"}],"replies":[{"embeddable":true,"href":"https:\/\/educacioncontinua.uniremington.edu.co\/index.php?rest_route=%2Fwp%2Fv2%2Fcomments&post=2162"}],"wp:featuredmedia":[{"embeddable":true,"href":"https:\/\/educacioncontinua.uniremington.edu.co\/index.php?rest_route=\/wp\/v2\/media\/2196"}],"wp:attachment":[{"href":"https:\/\/educacioncontinua.uniremington.edu.co\/index.php?rest_route=%2Fwp%2Fv2%2Fmedia&parent=2162"}],"wp:term":[{"taxonomy":"product_brand","embeddable":true,"href":"https:\/\/educacioncontinua.uniremington.edu.co\/index.php?rest_route=%2Fwp%2Fv2%2Fproduct_brand&post=2162"},{"taxonomy":"product_cat","embeddable":true,"href":"https:\/\/educacioncontinua.uniremington.edu.co\/index.php?rest_route=%2Fwp%2Fv2%2Fproduct_cat&post=2162"},{"taxonomy":"product_tag","embeddable":true,"href":"https:\/\/educacioncontinua.uniremington.edu.co\/index.php?rest_route=%2Fwp%2Fv2%2Fproduct_tag&post=2162"}],"curies":[{"name":"wp","href":"https:\/\/api.w.org\/{rel}","templated":true}]}}