{"id":2158,"date":"2024-01-17T09:52:22","date_gmt":"2024-01-17T14:52:22","guid":{"rendered":"https:\/\/educacioncontinua.uniremington.edu.co\/?product=negociacion-con-proveedores"},"modified":"2024-01-30T14:58:38","modified_gmt":"2024-01-30T19:58:38","slug":"negociacion-con-proveedores","status":"publish","type":"product","link":"https:\/\/educacioncontinua.uniremington.edu.co\/?product=negociacion-con-proveedores","title":{"rendered":"Negociaci\u00f3n con proveedores"},"content":{"rendered":"<\/p>\n<table style=\"width:100%;\" border=\"1\">\n<thead>\n<tr style=\"color:rgb(255,255,255);\">\n<th style=\"background-color:rgb(0,68,123);\">Descripci\u00f3n<\/th>\n<\/tr>\n<\/thead>\n<tbody>\n<tr>\n<td>Con este curso podr\u00e1s adquirir habilidades que faciliten y mejoren la intervenci\u00f3n en procesos de negociaci\u00f3n en el entorno comercial.<\/td>\n<\/tr>\n<\/tbody>\n<\/table>\n<p><\/p>\n<table style=\"width:100%;\" border=\"1\">\n<thead>\n<tr style=\"color:rgb(255,255,255);\">\n<th style=\"background-color:rgb(0,68,123);\">Principales caracter\u00edsticas<\/th>\n<\/tr>\n<\/thead>\n<tbody>\n<tr>\n<td>Adopci\u00f3n y fases de estrategias adecuadas de las diferencias detectadas entre los servicios ofertados y las demandas del cliente, factores y t\u00e1cticas de negociaci\u00f3n.<\/td>\n<\/tr>\n<\/tbody>\n<\/table>\n<p><\/p>\n<table style=\"width:100%;\" border=\"1\">\n<thead>\n<tr style=\"color:rgb(255,255,255);\">\n<th style=\"background-color:rgb(0,68,123);\">P\u00fablico objetivo<\/th>\n<\/tr>\n<\/thead>\n<tbody>\n<tr>\n<td>P\u00fablico interesado en conocer t\u00e1cticas comerciales de negociaci\u00f3n, que faciliten y mejoren la intervenci\u00f3n en procesos con proveedores.<\/td>\n<\/tr>\n<\/tbody>\n<\/table>\n<p><\/p>\n<table style=\"width:100%;\" border=\"1\">\n<thead>\n<tr style=\"color:rgb(255,255,255);\">\n<td style=\"background-color:rgb(0,68,123);\"><span style=\"font-weight:bold;\">Tem\u00e1tica 1<\/span><\/td>\n<\/tr>\n<tr>\n<td><span style=\"font-weight:normal;\"><br \/>\n                    <\/span><\/p>\n<p>1. LA NEGOCIACI\u00d3N COMERCIAL: EL NEGOCIADOR.<br \/>\n     1.1. Concepto de negociaci\u00f3n comercial.<br \/>\n     1.2. Diferencias entre vender y negociar.<br \/>\n     1.3. Elementos de la negociaci\u00f3n.<br \/>\n     1.4. El protocolo de la negociaci\u00f3n.<br \/>\n     1.5. Negociaci\u00f3n en terreno propio.<br \/>\n     1.6. Negociaci\u00f3n en terreno contrario.<br \/>\n     1.7. Negociaci\u00f3n en terreno neutral.<br \/>\n     1.8. La comunicaci\u00f3n.<br \/>\n     1.9. Comunicaci\u00f3n verbal.<br \/>\n     1.10. Comunicaci\u00f3n no verbal.<br \/>\n     1.11. Principios de la negociaci\u00f3n.<br \/>\n     1.12. Plantear nuestro caso de forma ventajosa.<br \/>\n     1.13. Conocer el alcance y la fuerza de nuestro poder.<br \/>\n     1.14. Conocer a la otra parte.<br \/>\n     1.15. Satisfacer las necesidades antes que los deseos.<br \/>\n     1.16. Fijarse unas metas ambiciosas.<br \/>\n     1.17. Gestionar la informaci\u00f3n con habilidad.<br \/>\n     1.18. Hacer las concesiones conforme a lo establecido.<br \/>\n     1.19. Tipos y estilos de negociaci\u00f3n.<br \/>\n     1.20. Caracter\u00edsticas del negociador.<br \/>\n     1.21. Tipos de negociador.<br \/>\n     1.22. Estilos internacionales de negociaci\u00f3n.\n<\/p>\n<\/td>\n<\/tr>\n<\/thead>\n<tbody>\n<tr style=\"color:rgb(255,255,255);\">\n<td style=\"background-color:rgb(0,68,123);\"><span style=\"font-weight:bold;\">Tem\u00e1tica 2<\/span><\/td>\n<\/tr>\n<tr>\n<td>\n<p>2. EL PROCESO DE LA NEGOCIACI\u00d3N COMERCIAL.<br \/>\n     2.1. Fase de preparaci\u00f3n.<br \/>\n     2.2. Fase de desarrollo.<br \/>\n     2.3. Discusi\u00f3n.<br \/>\n     2.4. Se\u00f1ales.<br \/>\n     2.5. Propuestas.<br \/>\n     2.6. Intercambios-concesiones.<br \/>\n     2.7. Argumentos.<br \/>\n     2.8. Bloqueos.<br \/>\n     2.9. Objeciones.<br \/>\n     2.10. Cierre.<br \/>\n     2.11. Postnegaci\u00f3n.\n<\/p>\n<\/td>\n<\/tr>\n<tr style=\"color:rgb(255,255,255);\">\n<td style=\"background-color:rgb(0,68,123);\"><span style=\"font-weight:bold;\">Tem\u00e1tica 3<\/span><\/td>\n<\/tr>\n<tr>\n<td>\n<p>3. DESARROLLO DE LA NEGOCIACI\u00d3N.<br \/>\n     3.1. Estrategias y t\u00e1cticas.<br \/>\n     3.2. Estrategias.<br \/>\n     3.3. T\u00e1cticas de negociaci\u00f3n.<br \/>\n     3.4. Comunicaci\u00f3n.<br \/>\n     3.5. Aptitudes, caracter\u00edsticas y preparaci\u00f3n de los negociadores. Su elecci\u00f3n.<br \/>\n     3.6. \u00bfC\u00f3mo preparar a los negociadores?\n<\/p>\n<\/td>\n<\/tr>\n<tr style=\"color:rgb(255,255,255);\">\n<td style=\"background-color:rgb(0,68,123);\"><span style=\"font-weight:bold;\">Tem\u00e1tica 4<\/span><\/td>\n<\/tr>\n<tr>\n<td>\n<p>4. DOCUMENTACI\u00d3N DE LA NEGOCIACI\u00d3N.<br \/>\n     4.1. Documentaci\u00f3n y material de apoyo a la negociaci\u00f3n.<br \/>\n     4.2. Factores colaterales.<br \/>\n     4.3. El entorno.<br \/>\n     4.4. El lugar de reuni\u00f3n.<br \/>\n     4.5. La cuesti\u00f3n de la \u00e9tica en la negociaci\u00f3n.<br \/>\n     4.6. El perfil del negociador.<br \/>\n     4.7. El acuerdo.<br \/>\n     4.8. Algunos criterios para la administraci\u00f3n y supervisi\u00f3n.<\/p>\n<\/td>\n<\/tr>\n<\/tbody>\n<\/table>\n<p><\/p>\n<table border=\"1\">\n<thead>\n<tr>\n<th style=\"text-align:center;background-color:rgb(0,68,123);color:rgb(255,255,255);\">Duraci\u00f3n<\/th>\n<th style=\"text-align:center;background-color:rgb(0,68,123);color:rgb(255,255,255);\">V\u00eddeos<\/th>\n<\/tr>\n<tr>\n<th style=\"text-align:center;\"><span style=\"font-weight:normal;\">35 horas<\/span><\/th>\n<th style=\"text-align:center;\"><span style=\"font-weight:normal;\">20<\/span><\/th>\n<\/tr>\n<tr>\n<th style=\"text-align:center;background-color:rgb(0,68,123);color:rgb(255,255,255);\">Nivel<\/th>\n<th style=\"text-align:center;background-color:rgb(0,68,123);color:rgb(255,255,255);\">Inversi\u00f3n<\/th>\n<\/tr>\n<\/thead>\n<tbody>\n<tr>\n<td style=\"text-align:center;\"><span>B\u00e1sico<\/span><\/td>\n<td style=\"text-align:center;\"><span>$357.000<\/span><\/td>\n<\/tr>\n<\/tbody>\n<\/table>\n","protected":false},"excerpt":{"rendered":"<p>Descripci\u00f3n Con este curso podr\u00e1s adquirir habilidades que faciliten y mejoren la intervenci\u00f3n en procesos de negociaci\u00f3n en el entorno comercial. Principales caracter\u00edsticas Adopci\u00f3n y fases de estrategias adecuadas de las diferencias detectadas entre los servicios ofertados y las demandas del cliente, factores y t\u00e1cticas de negociaci\u00f3n. P\u00fablico objetivo P\u00fablico interesado en conocer t\u00e1cticas comerciales [&hellip;]<\/p>\n","protected":false},"featured_media":2191,"comment_status":"open","ping_status":"closed","template":"","meta":[],"product_brand":[],"product_cat":[65],"product_tag":[],"class_list":{"0":"post-2158","1":"product","2":"type-product","3":"status-publish","4":"has-post-thumbnail","6":"product_cat-cienciasempresariales","8":"first","9":"instock","10":"downloadable","11":"virtual","12":"purchasable","13":"product-type-simple"},"_links":{"self":[{"href":"https:\/\/educacioncontinua.uniremington.edu.co\/index.php?rest_route=\/wp\/v2\/product\/2158","targetHints":{"allow":["GET"]}}],"collection":[{"href":"https:\/\/educacioncontinua.uniremington.edu.co\/index.php?rest_route=\/wp\/v2\/product"}],"about":[{"href":"https:\/\/educacioncontinua.uniremington.edu.co\/index.php?rest_route=\/wp\/v2\/types\/product"}],"replies":[{"embeddable":true,"href":"https:\/\/educacioncontinua.uniremington.edu.co\/index.php?rest_route=%2Fwp%2Fv2%2Fcomments&post=2158"}],"wp:featuredmedia":[{"embeddable":true,"href":"https:\/\/educacioncontinua.uniremington.edu.co\/index.php?rest_route=\/wp\/v2\/media\/2191"}],"wp:attachment":[{"href":"https:\/\/educacioncontinua.uniremington.edu.co\/index.php?rest_route=%2Fwp%2Fv2%2Fmedia&parent=2158"}],"wp:term":[{"taxonomy":"product_brand","embeddable":true,"href":"https:\/\/educacioncontinua.uniremington.edu.co\/index.php?rest_route=%2Fwp%2Fv2%2Fproduct_brand&post=2158"},{"taxonomy":"product_cat","embeddable":true,"href":"https:\/\/educacioncontinua.uniremington.edu.co\/index.php?rest_route=%2Fwp%2Fv2%2Fproduct_cat&post=2158"},{"taxonomy":"product_tag","embeddable":true,"href":"https:\/\/educacioncontinua.uniremington.edu.co\/index.php?rest_route=%2Fwp%2Fv2%2Fproduct_tag&post=2158"}],"curies":[{"name":"wp","href":"https:\/\/api.w.org\/{rel}","templated":true}]}}